{"id":1387,"date":"2018-06-29T20:27:00","date_gmt":"2018-06-29T23:27:00","guid":{"rendered":"https:\/\/isfdarienti-ers.infd.edu.ar\/sitio\/autoridades-del-instituto\/"},"modified":"2021-03-04T08:08:21","modified_gmt":"2021-03-04T11:08:21","slug":"autoridades-del-instituto","status":"publish","type":"page","link":"https:\/\/isfdarienti-ers.infd.edu.ar\/sitio\/autoridades-del-instituto\/","title":{"rendered":"Autoridades del Instituto"},"content":{"rendered":"<p style=\"text-align: center;\"><span style=\"font-size: 10pt; background-color: #99ccff;\"><strong>\u00a0AUTORIDADES<\/strong><\/span><\/p>\n<p style=\"text-align: center;\"><span style=\"background-color: #99ccff;\"><strong><span style=\"font-size: 10pt;\">RECTORES QUE PASARON POR EL INSTITUTO<\/span><\/strong><\/span><\/p>\n<p style=\"text-align: center;\"><span style=\"font-size: 10pt;\">Profesora: Silvia Estela Calderara<\/span><\/p>\n<p style=\"text-align: center;\"><span style=\"font-size: 10pt;\">Profesor: Mario Jos\u00e9 Leicker<\/span><\/p>\n<p style=\"text-align: center;\"><span style=\"font-size: 10pt;\">Profesora: Elsa Mar\u00eda Margarita Monta\u00f1ez<\/span><\/p>\n<p style=\"text-align: center;\"><span style=\"font-size: 10pt;\">Profesora: Mabel Medina<\/span><\/p>\n<p style=\"text-align: center;\"><span style=\"font-size: 10pt;\">Profesora Silvia Beatriz Ellero<\/span><\/p>\n<p style=\"text-align: center;\"><span style=\"font-size: 10pt; background-color: #99ccff;\"><strong>SECRETARIAS DE NIVEL SUPERIOR QUE PASARON POR EL INSTITUTO<\/strong><\/span><\/p>\n<p style=\"text-align: center;\"><span style=\"font-size: 10pt;\">Profesora: Mar\u00eda Cristina Romero<\/span><\/p>\n<p style=\"text-align: center;\"><span style=\"font-size: 10pt;\">Profesora: Lidia Elisa Salvetti<\/span><\/p>\n<p style=\"text-align: center;\"><span style=\"font-size: 10pt;\">\u00a0 \u00a0 \u00a0 \u00a0 \u00a0 \u00a0 \u00a0Profesora: Elsa Mar\u00eda Margarita Monta\u00f1ez<\/span><\/p>\n<p style=\"text-align: center;\"><span style=\"font-size: 10pt;\">Profesora: Mar\u00eda Rosa Herrmann<\/span><\/p>\n<p style=\"text-align: center;\"><span style=\"font-size: 10pt;\">Profesora: Marina Estela Garate<\/span><\/p>\n<p class=\"titulo1\" style=\"text-align: center;\"><strong><span style=\"background-color: #99ccff; font-size: 10pt;\">RECTORA NIVEL SUPERIOR<\/span><\/strong><\/p>\n<p class=\"titulo1\" style=\"text-align: center;\"><span style=\"font-size: 10pt; background-color: #ffffff;\"><strong>Profesora Lorena Anal\u00eda Ava<\/strong><\/span><\/p>\n<p class=\"titulo1\" style=\"text-align: center;\"><span style=\"font-size: 10pt; background-color: #99ccff;\"><strong><strong>SECRETARIA ACAD\u00c9MICA\u00a0<\/strong><\/strong><\/span><\/p>\n<h5 class=\"titulo1\" style=\"text-align: center;\"><strong>Bouchard Rub\u00e9n Dar\u00edo<\/strong><\/h5>\n<p class=\"titulo1\" style=\"text-align: center;\"><strong><span style=\"font-size: 10pt; background-color: #99ccff;\">SECRETARIA NIVEL SUPERIOR<\/span><\/strong><\/p>\n<p class=\"titulo1\" style=\"text-align: center;\"><strong>\u00a0 \u00a0 \u00a0 \u00a0 \u00a0 \u00a0 Profesora Zulma Noemi Gonz\u00e1lez\u00a0 \u00a0 \u00a0 \u00a0 \u00a0\u00a0<\/strong><\/p>\n<p class=\"titulo1\" style=\"text-align: center;\"><span style=\"background-color: #99ccff; font-size: 10pt;\"><strong>SECRETARIA SUPLENTE NIVEL SUPERIOR<\/strong><\/span><\/p>\n<p class=\"titulo1\" style=\"text-align: center;\"><strong>Profesora Rodriguez Ofelia<\/strong><\/p>\n<p style=\"text-align: center;\"><span style=\"background-color: #99ccff;\"><strong>\u00a0\u00a0<span style=\"font-size: 10pt;\">MIEMBROS DEL CONSEJO DIRECTIVO<\/span><\/strong><\/span><\/p>\n<p style=\"text-align: center;\"><span style=\"font-size: 10pt; background-color: #99ccff;\"><strong>REPRESENTANTES DE LOS DOCENTES<\/strong><\/span><\/p>\n<p style=\"text-align: center;\">\n<p style=\"text-align: center;\"><span style=\"font-size: 10pt; background-color: #99ccff;\"><strong>REPRESENTANTES DE LOS ALUMNOS<\/strong><\/span><\/p>\n<p style=\"text-align: center;\">\n<p style=\"text-align: center;\"><span style=\"font-size: 10pt;\"><strong>SUPLENTES<\/strong><\/span><\/p>\n<p style=\"text-align: center;\">\n<p style=\"text-align: center;\">\n<p style=\"text-align: center;\">\n<p style=\"text-align: center;\">\n","protected":false},"excerpt":{"rendered":"<p>\u00a0AUTORIDADES RECTORES QUE PASARON POR EL INSTITUTO Profesora: Silvia Estela Calderara Profesor: Mario Jos\u00e9 Leicker Profesora: Elsa Mar\u00eda Margarita Monta\u00f1ez Profesora: Mabel Medina Profesora Silvia Beatriz Ellero SECRETARIAS DE NIVEL SUPERIOR QUE PASARON POR EL INSTITUTO Profesora: Mar\u00eda Cristina Romero Profesora: Lidia Elisa Salvetti \u00a0 \u00a0 \u00a0 \u00a0 \u00a0 \u00a0 \u00a0Profesora: Elsa Mar\u00eda Margarita Monta\u00f1ez &#8230; <a title=\"Autoridades del Instituto\" class=\"read-more\" href=\"https:\/\/isfdarienti-ers.infd.edu.ar\/sitio\/autoridades-del-instituto\/\" aria-label=\"More on Autoridades del Instituto\">[+]<\/a><\/p>\n","protected":false},"author":15,"featured_media":0,"parent":0,"menu_order":0,"comment_status":"closed","ping_status":"closed","template":"","meta":[],"acf":[],"_links":{"self":[{"href":"https:\/\/isfdarienti-ers.infd.edu.ar\/sitio\/wp-json\/wp\/v2\/pages\/1387"}],"collection":[{"href":"https:\/\/isfdarienti-ers.infd.edu.ar\/sitio\/wp-json\/wp\/v2\/pages"}],"about":[{"href":"https:\/\/isfdarienti-ers.infd.edu.ar\/sitio\/wp-json\/wp\/v2\/types\/page"}],"author":[{"embeddable":true,"href":"https:\/\/isfdarienti-ers.infd.edu.ar\/sitio\/wp-json\/wp\/v2\/users\/15"}],"replies":[{"embeddable":true,"href":"https:\/\/isfdarienti-ers.infd.edu.ar\/sitio\/wp-json\/wp\/v2\/comments?post=1387"}],"version-history":[{"count":2,"href":"https:\/\/isfdarienti-ers.infd.edu.ar\/sitio\/wp-json\/wp\/v2\/pages\/1387\/revisions"}],"predecessor-version":[{"id":2512,"href":"https:\/\/isfdarienti-ers.infd.edu.ar\/sitio\/wp-json\/wp\/v2\/pages\/1387\/revisions\/2512"}],"wp:attachment":[{"href":"https:\/\/isfdarienti-ers.infd.edu.ar\/sitio\/wp-json\/wp\/v2\/media?parent=1387"}],"curies":[{"name":"wp","href":"https:\/\/api.w.org\/{rel}","templated":true}]}}